Selecteer een maand of jaar

Rapport voor Apr 2021

Daily noaa report



                            MONTHLY CLIMATOLOGICAL SUMMARY for APR. 2021

NAME:    CITY:  STATE: 
ELEV:  LAT:  LONG: 

                            TEMPERATURE ( C), RAIN (mm), WIND SPEED (kmh)

                                               HEAT     COOL           AVG
      MEAN                                     DEG      DEG            WIND                       DOM
DAY   TEMP    HIGH   TIME     LOW    TIME      DAYS     DAYS    RAIN   SPEED    HIGH    TIME      DIR
--------------------------------------------------------------------------------------------------------
01    11.5    17.1   14:58    05.4   00:00     06.8     00.0    00.0   09.6     31.4    16:45      NE
02    05.4    08.6   12:08    01.9   07:38     12.9     00.0    00.2   11.8     27.8    18:23      NE
03    07.1    11.7   17:17    04.1   01:43     11.2     00.0    00.0   11.9     29.6    10:19      NE
04    06.0    08.7   18:22    03.6   23:10     12.3     00.0    00.0   06.2     18.5    18:17      N 
05    03.7    06.8   08:49    00.2   18:49     14.6     00.0    02.6   16.6     55.5    12:34     NNW
06    01.1    04.4   12:05   -00.2   00:00     17.2     00.0    07.8   11.3     44.4    04:48     NNW
07    02.6    06.2   15:25   -00.8   01:55     15.7     00.0    08.8   12.6     44.4    15:14      NW
08    05.3    09.9   17:42    01.9   05:37     13.0     00.0    00.0   08.8     29.6    16:43     WSW
09    07.8    13.6   16:19    02.5   07:20     10.5     00.0    00.0   07.8     27.8    16:52      W 
10    06.5    08.4   00:37    04.2   00:00     11.8     00.0    11.8   09.7     29.6    20:40     ENE
11    04.4    09.2   15:08    01.4   00:00     13.9     00.0    01.0   13.5     31.4    17:07     NNE
12    03.1    08.8   16:00   -00.7   04:53     15.2     00.0    03.4   02.8     33.3    11:37      NW
13    03.6    10.9   15:25   -02.8   05:51     14.7     00.0    00.0   00.0     00.0    00:00      N 
14    04.3    09.2   18:31   -01.7   03:38     14.0     00.0    00.0   00.0     00.0    00:00      N 
15    04.7    09.7   17:38   -00.1   05:42     13.6     00.0    00.0   02.5     20.4    18:48      NE
16    05.9    12.6   16:05   -00.8   07:00     12.4     00.0    00.0   09.9     29.6    19:50      NE
17    07.1    12.9   15:17    01.2   06:50     11.2     00.0    00.0   11.1     29.6    19:36      NE
18    08.4    15.0   16:47    01.3   07:07     09.9     00.0    00.0   06.9     22.2    20:24      N 
19    08.3    12.8   19:44    04.8   04:38     10.0     00.0    01.0   05.3     18.5    20:04     NNE
20    09.7    17.0   14:09    01.0   06:58     08.6     00.0    00.0   02.8     18.5    22:24      NE
21    09.7    15.2   13:53    04.6   00:00     08.6     00.0    00.0   12.0     31.4    20:01      NE
22    06.8    13.2   16:31    00.8   04:15     11.5     00.0    00.0   08.0     25.9    17:44      NE
23    07.3    14.8   16:02   -01.1   06:51     11.0     00.0    00.0   07.8     29.6    16:55      NE
24    08.8    14.9   17:16    03.1   06:55     09.5     00.0    00.0   10.4     31.4    12:02     ENE
25    07.1    12.3   17:42    02.0   05:51     11.2     00.0    00.0   11.2     29.6    17:44     ENE
26    08.0    15.0   16:35    00.4   06:40     10.3     00.0    00.0   09.5     29.6    17:37     ENE
27    10.0    17.3   16:48    01.3   06:44     08.3     00.0    00.0   07.5     29.6    15:14      E 
28    11.7    20.1   15:48    03.8   06:42     06.6     00.0    00.0   08.5     29.6    18:35     ENE
29    08.0    11.9   00:02    04.4   00:00     10.3     00.0    01.0   11.7     44.4    14:20     NNW
30    07.2    12.0   16:16    02.1   06:52     11.1     00.0    00.0   07.1     27.8    17:04      NW
--------------------------------------------------------------------------------------------------------
06.7 (6.8)   20.1  day 28    -02.8  day 13   347.9    000.0   037.6   08.5     55.5   day 05     NNE
Max <=   20: 29
Min <=   0: 8
Max Rain: 11.8 ON 10-04-21
Days of Rain: 9 (> .2mm) 5 (> 2mm) 0 (> 20mm)